{"id":943,"date":"2020-10-22T23:55:07","date_gmt":"2020-10-22T21:55:07","guid":{"rendered":"https:\/\/nightfoxandco.com\/?page_id=943"},"modified":"2022-02-14T16:49:25","modified_gmt":"2022-02-14T15:49:25","slug":"psu-pro","status":"publish","type":"page","link":"https:\/\/nightfoxandco.com\/?page_id=943","title":{"rendered":"PSU Pro"},"content":{"rendered":"\n<p>Fuente de alimentaci\u00f3n para Commodore C64, Spectrum, Amstrad CPC y MSX.<\/p>\n\n\n\n<div style=\"height:25px\" aria-hidden=\"true\" class=\"wp-block-spacer\"><\/div>\n\n\n\n<figure class=\"wp-block-image size-large\"><a href=\"https:\/\/nightfoxandco.com\/wp-content\/uploads\/2020\/10\/PSU_Pro_main.png\" target=\"_blank\" rel=\"noopener\"><img loading=\"lazy\" decoding=\"async\" width=\"1024\" height=\"563\" src=\"https:\/\/nightfoxandco.com\/wp-content\/uploads\/2020\/10\/PSU_Pro_main-1024x563.png\" alt=\"\" class=\"wp-image-944\" srcset=\"https:\/\/nightfoxandco.com\/wp-content\/uploads\/2020\/10\/PSU_Pro_main-1024x563.png 1024w, https:\/\/nightfoxandco.com\/wp-content\/uploads\/2020\/10\/PSU_Pro_main-300x165.png 300w, https:\/\/nightfoxandco.com\/wp-content\/uploads\/2020\/10\/PSU_Pro_main-768x422.png 768w, https:\/\/nightfoxandco.com\/wp-content\/uploads\/2020\/10\/PSU_Pro_main.png 1100w\" sizes=\"auto, (max-width: 1024px) 100vw, 1024px\" \/><\/a><\/figure>\n\n\n\n<div style=\"height:25px\" aria-hidden=\"true\" class=\"wp-block-spacer\"><\/div>\n\n\n\n<p>PSU Pro es una fuente de alimentaci\u00f3n universal orientada al diagnostico y reparaci\u00f3n de microordenadores cl\u00e1sicos, como el Commodore C64, Spectrum +2 y +3, Amstrad CPC 464 y algunos modelos de MSX.<\/p>\n\n\n\n<figure class=\"wp-block-gallery has-nested-images columns-default is-cropped wp-block-gallery-1 is-layout-flex wp-block-gallery-is-layout-flex\">\n<figure class=\"wp-block-image size-large\"><a href=\"https:\/\/nightfoxandco.com\/wp-content\/uploads\/2020\/10\/psu_pro_01.jpg\" target=\"_blank\" rel=\"noopener\"><img loading=\"lazy\" decoding=\"async\" width=\"1024\" height=\"768\" data-id=\"946\" src=\"https:\/\/nightfoxandco.com\/wp-content\/uploads\/2020\/10\/psu_pro_01-1024x768.jpg\" alt=\"\" class=\"wp-image-946\" srcset=\"https:\/\/nightfoxandco.com\/wp-content\/uploads\/2020\/10\/psu_pro_01-1024x768.jpg 1024w, https:\/\/nightfoxandco.com\/wp-content\/uploads\/2020\/10\/psu_pro_01-300x225.jpg 300w, https:\/\/nightfoxandco.com\/wp-content\/uploads\/2020\/10\/psu_pro_01-768x576.jpg 768w, https:\/\/nightfoxandco.com\/wp-content\/uploads\/2020\/10\/psu_pro_01-350x263.jpg 350w, https:\/\/nightfoxandco.com\/wp-content\/uploads\/2020\/10\/psu_pro_01-780x586.jpg 780w, https:\/\/nightfoxandco.com\/wp-content\/uploads\/2020\/10\/psu_pro_01-250x188.jpg 250w, https:\/\/nightfoxandco.com\/wp-content\/uploads\/2020\/10\/psu_pro_01.jpg 1280w\" sizes=\"auto, (max-width: 1024px) 100vw, 1024px\" \/><\/a><\/figure>\n\n\n\n<figure class=\"wp-block-image size-large\"><a href=\"https:\/\/nightfoxandco.com\/wp-content\/uploads\/2020\/10\/psu_pro_02.jpg\" target=\"_blank\" rel=\"noopener\"><img loading=\"lazy\" decoding=\"async\" width=\"1024\" height=\"768\" data-id=\"947\" src=\"https:\/\/nightfoxandco.com\/wp-content\/uploads\/2020\/10\/psu_pro_02-1024x768.jpg\" alt=\"\" class=\"wp-image-947\" srcset=\"https:\/\/nightfoxandco.com\/wp-content\/uploads\/2020\/10\/psu_pro_02-1024x768.jpg 1024w, https:\/\/nightfoxandco.com\/wp-content\/uploads\/2020\/10\/psu_pro_02-300x225.jpg 300w, https:\/\/nightfoxandco.com\/wp-content\/uploads\/2020\/10\/psu_pro_02-768x576.jpg 768w, https:\/\/nightfoxandco.com\/wp-content\/uploads\/2020\/10\/psu_pro_02-350x263.jpg 350w, https:\/\/nightfoxandco.com\/wp-content\/uploads\/2020\/10\/psu_pro_02-780x586.jpg 780w, https:\/\/nightfoxandco.com\/wp-content\/uploads\/2020\/10\/psu_pro_02-250x188.jpg 250w, https:\/\/nightfoxandco.com\/wp-content\/uploads\/2020\/10\/psu_pro_02.jpg 1280w\" sizes=\"auto, (max-width: 1024px) 100vw, 1024px\" \/><\/a><\/figure>\n<\/figure>\n\n\n\n<ul class=\"wp-block-list\"><li>Voltajes suministrados.<br>PSU Pro suministra los siguientes voltajes:<br>C.C. (DC) de +5 V con una intensidad m\u00e1xima de 5 A.<br>C.C. (DC) de +12 V con una intensidad m\u00e1xima de 2.5 A.<br>C.C. (DC) de -12V con una intensidad m\u00e1xima de 0.5 A.<br>C.A. (AC) de 9 V con una intensidad m\u00e1xima de 1.5 A.<br>Estos voltajes est\u00e1n disponibles a trav\u00e9s de las diferentes bananas de conexi\u00f3n y del conector DIN-7 del frontal.<\/li><\/ul>\n\n\n\n<figure class=\"wp-block-gallery has-nested-images columns-default is-cropped wp-block-gallery-2 is-layout-flex wp-block-gallery-is-layout-flex\">\n<figure class=\"wp-block-image size-large\"><a href=\"https:\/\/nightfoxandco.com\/wp-content\/uploads\/2020\/10\/psu_pro_03.jpg\" target=\"_blank\" rel=\"noopener\"><img loading=\"lazy\" decoding=\"async\" width=\"1024\" height=\"768\" data-id=\"949\" src=\"https:\/\/nightfoxandco.com\/wp-content\/uploads\/2020\/10\/psu_pro_03-1024x768.jpg\" alt=\"\" class=\"wp-image-949\" srcset=\"https:\/\/nightfoxandco.com\/wp-content\/uploads\/2020\/10\/psu_pro_03-1024x768.jpg 1024w, https:\/\/nightfoxandco.com\/wp-content\/uploads\/2020\/10\/psu_pro_03-300x225.jpg 300w, https:\/\/nightfoxandco.com\/wp-content\/uploads\/2020\/10\/psu_pro_03-768x576.jpg 768w, https:\/\/nightfoxandco.com\/wp-content\/uploads\/2020\/10\/psu_pro_03-350x263.jpg 350w, https:\/\/nightfoxandco.com\/wp-content\/uploads\/2020\/10\/psu_pro_03-780x586.jpg 780w, https:\/\/nightfoxandco.com\/wp-content\/uploads\/2020\/10\/psu_pro_03-250x188.jpg 250w, https:\/\/nightfoxandco.com\/wp-content\/uploads\/2020\/10\/psu_pro_03.jpg 1280w\" sizes=\"auto, (max-width: 1024px) 100vw, 1024px\" \/><\/a><\/figure>\n\n\n\n<figure class=\"wp-block-image size-large\"><a href=\"https:\/\/nightfoxandco.com\/wp-content\/uploads\/2020\/10\/psu_pro_04.jpg\" target=\"_blank\" rel=\"noopener\"><img loading=\"lazy\" decoding=\"async\" width=\"1024\" height=\"768\" data-id=\"950\" src=\"https:\/\/nightfoxandco.com\/wp-content\/uploads\/2020\/10\/psu_pro_04-1024x768.jpg\" alt=\"\" class=\"wp-image-950\" srcset=\"https:\/\/nightfoxandco.com\/wp-content\/uploads\/2020\/10\/psu_pro_04-1024x768.jpg 1024w, https:\/\/nightfoxandco.com\/wp-content\/uploads\/2020\/10\/psu_pro_04-300x225.jpg 300w, https:\/\/nightfoxandco.com\/wp-content\/uploads\/2020\/10\/psu_pro_04-768x576.jpg 768w, https:\/\/nightfoxandco.com\/wp-content\/uploads\/2020\/10\/psu_pro_04-350x263.jpg 350w, https:\/\/nightfoxandco.com\/wp-content\/uploads\/2020\/10\/psu_pro_04-780x586.jpg 780w, https:\/\/nightfoxandco.com\/wp-content\/uploads\/2020\/10\/psu_pro_04-250x188.jpg 250w, https:\/\/nightfoxandco.com\/wp-content\/uploads\/2020\/10\/psu_pro_04.jpg 1280w\" sizes=\"auto, (max-width: 1024px) 100vw, 1024px\" \/><\/a><\/figure>\n<\/figure>\n\n\n\n<ul class=\"wp-block-list\" start=\"2\"><li>Sistema de diagn\u00f3stico y control inteligente.<br>Una placa Arduino UNO se encarga de la supervisi\u00f3n y control de las diferentes salidas de la fuente de alimentaci\u00f3n, as\u00ed como del encendido de los diferentes m\u00f3dulos de alimentaci\u00f3n, incluyendo el control de la temperatura interior de la fuente y la activaci\u00f3n del sistema de ventilaci\u00f3n.<\/li><\/ul>\n\n\n\n<figure class=\"wp-block-gallery has-nested-images columns-default is-cropped wp-block-gallery-3 is-layout-flex wp-block-gallery-is-layout-flex\">\n<figure class=\"wp-block-image size-large\"><a href=\"https:\/\/nightfoxandco.com\/wp-content\/uploads\/2020\/10\/psu_pro_05.jpg\" target=\"_blank\" rel=\"noopener\"><img loading=\"lazy\" decoding=\"async\" width=\"1024\" height=\"768\" data-id=\"952\" src=\"https:\/\/nightfoxandco.com\/wp-content\/uploads\/2020\/10\/psu_pro_05-1024x768.jpg\" alt=\"\" class=\"wp-image-952\" srcset=\"https:\/\/nightfoxandco.com\/wp-content\/uploads\/2020\/10\/psu_pro_05-1024x768.jpg 1024w, https:\/\/nightfoxandco.com\/wp-content\/uploads\/2020\/10\/psu_pro_05-300x225.jpg 300w, https:\/\/nightfoxandco.com\/wp-content\/uploads\/2020\/10\/psu_pro_05-768x576.jpg 768w, https:\/\/nightfoxandco.com\/wp-content\/uploads\/2020\/10\/psu_pro_05-350x263.jpg 350w, https:\/\/nightfoxandco.com\/wp-content\/uploads\/2020\/10\/psu_pro_05-780x586.jpg 780w, https:\/\/nightfoxandco.com\/wp-content\/uploads\/2020\/10\/psu_pro_05-250x188.jpg 250w, https:\/\/nightfoxandco.com\/wp-content\/uploads\/2020\/10\/psu_pro_05.jpg 1280w\" sizes=\"auto, (max-width: 1024px) 100vw, 1024px\" \/><\/a><\/figure>\n\n\n\n<figure class=\"wp-block-image size-large\"><a href=\"https:\/\/nightfoxandco.com\/wp-content\/uploads\/2020\/10\/psu_pro_06.jpg\" target=\"_blank\" rel=\"noopener\"><img loading=\"lazy\" decoding=\"async\" width=\"1024\" height=\"768\" data-id=\"953\" src=\"https:\/\/nightfoxandco.com\/wp-content\/uploads\/2020\/10\/psu_pro_06-1024x768.jpg\" alt=\"\" class=\"wp-image-953\" srcset=\"https:\/\/nightfoxandco.com\/wp-content\/uploads\/2020\/10\/psu_pro_06-1024x768.jpg 1024w, https:\/\/nightfoxandco.com\/wp-content\/uploads\/2020\/10\/psu_pro_06-300x225.jpg 300w, https:\/\/nightfoxandco.com\/wp-content\/uploads\/2020\/10\/psu_pro_06-768x576.jpg 768w, https:\/\/nightfoxandco.com\/wp-content\/uploads\/2020\/10\/psu_pro_06-350x263.jpg 350w, https:\/\/nightfoxandco.com\/wp-content\/uploads\/2020\/10\/psu_pro_06-780x586.jpg 780w, https:\/\/nightfoxandco.com\/wp-content\/uploads\/2020\/10\/psu_pro_06-250x188.jpg 250w, https:\/\/nightfoxandco.com\/wp-content\/uploads\/2020\/10\/psu_pro_06.jpg 1280w\" sizes=\"auto, (max-width: 1024px) 100vw, 1024px\" \/><\/a><\/figure>\n<\/figure>\n\n\n\n<ul class=\"wp-block-list\" start=\"3\"><li>La seguridad, ante todo.<br>La placa Arduino, conjuntamente con componentes de electr\u00f3nica discreta, supervisan el proceso de encendido de la fuente, verifican el funcionamiento de los sensores, prueban los ventiladores a cada encendido y supervisan los voltajes de salida de los diferentes m\u00f3dulos. Si alguno de los voltajes esta fuera de rango, se impide la habilitaci\u00f3n de la salida, lo que protege al equipo conectado de cualquier da\u00f1o. Un subida o ca\u00edda de tensi\u00f3n o un cortocircuito en el aparato conectado a la salida de la fuente, provoca la desconexi\u00f3n autom\u00e1tica de la misma. Si el interior de la fuente alcanza la temperatura programada, se activa el sistema de ventilaci\u00f3n autom\u00e1ticamente. En caso de no poder reducirse la temperatura, se desconectar\u00e1 la salida para proteger los m\u00f3dulos de la fuente. Si la temperatura alcanza niveles cr\u00edticos, la fuente desconectara la alimentaci\u00f3n de todos los m\u00f3dulos, entrando en modo de suspensi\u00f3n.<\/li><\/ul>\n\n\n\n<figure class=\"wp-block-gallery has-nested-images columns-default is-cropped wp-block-gallery-4 is-layout-flex wp-block-gallery-is-layout-flex\">\n<figure class=\"wp-block-image size-large\"><a href=\"https:\/\/nightfoxandco.com\/wp-content\/uploads\/2020\/10\/psu_pro_07.jpg\" target=\"_blank\" rel=\"noopener\"><img loading=\"lazy\" decoding=\"async\" width=\"1024\" height=\"768\" data-id=\"955\" src=\"https:\/\/nightfoxandco.com\/wp-content\/uploads\/2020\/10\/psu_pro_07-1024x768.jpg\" alt=\"\" class=\"wp-image-955\" srcset=\"https:\/\/nightfoxandco.com\/wp-content\/uploads\/2020\/10\/psu_pro_07-1024x768.jpg 1024w, https:\/\/nightfoxandco.com\/wp-content\/uploads\/2020\/10\/psu_pro_07-300x225.jpg 300w, https:\/\/nightfoxandco.com\/wp-content\/uploads\/2020\/10\/psu_pro_07-768x576.jpg 768w, https:\/\/nightfoxandco.com\/wp-content\/uploads\/2020\/10\/psu_pro_07-350x263.jpg 350w, https:\/\/nightfoxandco.com\/wp-content\/uploads\/2020\/10\/psu_pro_07-780x586.jpg 780w, https:\/\/nightfoxandco.com\/wp-content\/uploads\/2020\/10\/psu_pro_07-250x188.jpg 250w, https:\/\/nightfoxandco.com\/wp-content\/uploads\/2020\/10\/psu_pro_07.jpg 1280w\" sizes=\"auto, (max-width: 1024px) 100vw, 1024px\" \/><\/a><\/figure>\n\n\n\n<figure class=\"wp-block-image size-large\"><a href=\"https:\/\/nightfoxandco.com\/wp-content\/uploads\/2020\/10\/psu_pro_08.jpg\" target=\"_blank\" rel=\"noopener\"><img loading=\"lazy\" decoding=\"async\" width=\"1024\" height=\"768\" data-id=\"956\" src=\"https:\/\/nightfoxandco.com\/wp-content\/uploads\/2020\/10\/psu_pro_08-1024x768.jpg\" alt=\"\" class=\"wp-image-956\" srcset=\"https:\/\/nightfoxandco.com\/wp-content\/uploads\/2020\/10\/psu_pro_08-1024x768.jpg 1024w, https:\/\/nightfoxandco.com\/wp-content\/uploads\/2020\/10\/psu_pro_08-300x225.jpg 300w, https:\/\/nightfoxandco.com\/wp-content\/uploads\/2020\/10\/psu_pro_08-768x576.jpg 768w, https:\/\/nightfoxandco.com\/wp-content\/uploads\/2020\/10\/psu_pro_08-350x263.jpg 350w, https:\/\/nightfoxandco.com\/wp-content\/uploads\/2020\/10\/psu_pro_08-780x586.jpg 780w, https:\/\/nightfoxandco.com\/wp-content\/uploads\/2020\/10\/psu_pro_08-250x188.jpg 250w, https:\/\/nightfoxandco.com\/wp-content\/uploads\/2020\/10\/psu_pro_08.jpg 1280w\" sizes=\"auto, (max-width: 1024px) 100vw, 1024px\" \/><\/a><\/figure>\n<\/figure>\n\n\n\n<ul class=\"wp-block-list\" start=\"4\"><li>Control de lo que ocurre.<br>Una pantalla LCD de 4 l\u00edneas informa del proceso de encendido, estado de las salidas, voltajes, temperatura y humedad relativas del interior de la fuente y activaci\u00f3n del sistema de ventilaci\u00f3n. El LED en el bot\u00f3n de encendido tambi\u00e9n nos indica la actividad de ciertos procesos. Una pulsaci\u00f3n breve en este bot\u00f3n, conectar\u00e1 o desconectar\u00e1 las salidas de la fuente, devolver\u00e1 la fuente al estado de espera en caso de error o de encontrarse en modo de suspensi\u00f3n la reactivar\u00e1. Si en cualquier momento se mantiene pulsado durante unos segundos, forzaremos la fuente a entrar en modo de suspensi\u00f3n.<\/li><\/ul>\n\n\n\n<figure class=\"wp-block-gallery has-nested-images columns-default is-cropped wp-block-gallery-5 is-layout-flex wp-block-gallery-is-layout-flex\">\n<figure class=\"wp-block-image size-large\"><a href=\"https:\/\/nightfoxandco.com\/wp-content\/uploads\/2020\/10\/psu_pro_09.jpg\" target=\"_blank\" rel=\"noopener\"><img loading=\"lazy\" decoding=\"async\" width=\"1024\" height=\"768\" data-id=\"957\" src=\"https:\/\/nightfoxandco.com\/wp-content\/uploads\/2020\/10\/psu_pro_09-1024x768.jpg\" alt=\"\" class=\"wp-image-957\" srcset=\"https:\/\/nightfoxandco.com\/wp-content\/uploads\/2020\/10\/psu_pro_09-1024x768.jpg 1024w, https:\/\/nightfoxandco.com\/wp-content\/uploads\/2020\/10\/psu_pro_09-300x225.jpg 300w, https:\/\/nightfoxandco.com\/wp-content\/uploads\/2020\/10\/psu_pro_09-768x576.jpg 768w, https:\/\/nightfoxandco.com\/wp-content\/uploads\/2020\/10\/psu_pro_09-350x263.jpg 350w, https:\/\/nightfoxandco.com\/wp-content\/uploads\/2020\/10\/psu_pro_09-780x586.jpg 780w, https:\/\/nightfoxandco.com\/wp-content\/uploads\/2020\/10\/psu_pro_09-250x188.jpg 250w, https:\/\/nightfoxandco.com\/wp-content\/uploads\/2020\/10\/psu_pro_09.jpg 1280w\" sizes=\"auto, (max-width: 1024px) 100vw, 1024px\" \/><\/a><\/figure>\n<\/figure>\n\n\n\n<ul class=\"wp-block-list\" start=\"5\"><li>Construcci\u00f3n interna.<br>Exceptuando la electr\u00f3nica necesaria para la alimentaci\u00f3n de la placa Arduino y la electr\u00f3nica para algunos circuitos de control y medida del voltaje, se han usado siempre que ha sido posible m\u00f3dulos de alimentaci\u00f3n o control estandarizados, usados habitualmente en montajes relacionados con Arduino.<\/li><\/ul>\n\n\n\n<figure class=\"wp-block-gallery has-nested-images columns-default is-cropped wp-block-gallery-6 is-layout-flex wp-block-gallery-is-layout-flex\">\n<figure class=\"wp-block-image size-large\"><a href=\"https:\/\/nightfoxandco.com\/wp-content\/uploads\/2020\/10\/psu_pro_10.jpg\" target=\"_blank\" rel=\"noopener\"><img loading=\"lazy\" decoding=\"async\" width=\"1024\" height=\"768\" data-id=\"959\" src=\"https:\/\/nightfoxandco.com\/wp-content\/uploads\/2020\/10\/psu_pro_10-1024x768.jpg\" alt=\"\" class=\"wp-image-959\" srcset=\"https:\/\/nightfoxandco.com\/wp-content\/uploads\/2020\/10\/psu_pro_10-1024x768.jpg 1024w, https:\/\/nightfoxandco.com\/wp-content\/uploads\/2020\/10\/psu_pro_10-300x225.jpg 300w, https:\/\/nightfoxandco.com\/wp-content\/uploads\/2020\/10\/psu_pro_10-768x576.jpg 768w, https:\/\/nightfoxandco.com\/wp-content\/uploads\/2020\/10\/psu_pro_10-350x263.jpg 350w, https:\/\/nightfoxandco.com\/wp-content\/uploads\/2020\/10\/psu_pro_10-780x586.jpg 780w, https:\/\/nightfoxandco.com\/wp-content\/uploads\/2020\/10\/psu_pro_10-250x188.jpg 250w, https:\/\/nightfoxandco.com\/wp-content\/uploads\/2020\/10\/psu_pro_10.jpg 1280w\" sizes=\"auto, (max-width: 1024px) 100vw, 1024px\" \/><\/a><\/figure>\n\n\n\n<figure class=\"wp-block-image size-large\"><a href=\"https:\/\/nightfoxandco.com\/wp-content\/uploads\/2020\/10\/psu_pro_11.jpg\" target=\"_blank\" rel=\"noopener\"><img loading=\"lazy\" decoding=\"async\" width=\"1024\" height=\"768\" data-id=\"960\" src=\"https:\/\/nightfoxandco.com\/wp-content\/uploads\/2020\/10\/psu_pro_11-1024x768.jpg\" alt=\"\" class=\"wp-image-960\" srcset=\"https:\/\/nightfoxandco.com\/wp-content\/uploads\/2020\/10\/psu_pro_11-1024x768.jpg 1024w, https:\/\/nightfoxandco.com\/wp-content\/uploads\/2020\/10\/psu_pro_11-300x225.jpg 300w, https:\/\/nightfoxandco.com\/wp-content\/uploads\/2020\/10\/psu_pro_11-768x576.jpg 768w, https:\/\/nightfoxandco.com\/wp-content\/uploads\/2020\/10\/psu_pro_11-350x263.jpg 350w, https:\/\/nightfoxandco.com\/wp-content\/uploads\/2020\/10\/psu_pro_11-780x586.jpg 780w, https:\/\/nightfoxandco.com\/wp-content\/uploads\/2020\/10\/psu_pro_11-250x188.jpg 250w, https:\/\/nightfoxandco.com\/wp-content\/uploads\/2020\/10\/psu_pro_11.jpg 1280w\" sizes=\"auto, (max-width: 1024px) 100vw, 1024px\" \/><\/a><\/figure>\n<\/figure>\n\n\n\n<ul class=\"wp-block-list\" start=\"6\"><li>\u00bfQue se suministra?<br>Todos los diagramas, c\u00f3digo fuente y serigraf\u00edas de muestra para la construcci\u00f3n de la fuente de alimentaci\u00f3n.<\/li><\/ul>\n\n\n\n<figure class=\"wp-block-gallery has-nested-images columns-default is-cropped wp-block-gallery-7 is-layout-flex wp-block-gallery-is-layout-flex\">\n<figure class=\"wp-block-image size-large\"><a href=\"https:\/\/nightfoxandco.com\/wp-content\/uploads\/2020\/10\/psu_pro_12.jpg\" target=\"_blank\" rel=\"noopener\"><img loading=\"lazy\" decoding=\"async\" width=\"1024\" height=\"768\" data-id=\"961\" src=\"https:\/\/nightfoxandco.com\/wp-content\/uploads\/2020\/10\/psu_pro_12-1024x768.jpg\" alt=\"\" class=\"wp-image-961\" srcset=\"https:\/\/nightfoxandco.com\/wp-content\/uploads\/2020\/10\/psu_pro_12-1024x768.jpg 1024w, https:\/\/nightfoxandco.com\/wp-content\/uploads\/2020\/10\/psu_pro_12-300x225.jpg 300w, https:\/\/nightfoxandco.com\/wp-content\/uploads\/2020\/10\/psu_pro_12-768x576.jpg 768w, https:\/\/nightfoxandco.com\/wp-content\/uploads\/2020\/10\/psu_pro_12-350x263.jpg 350w, https:\/\/nightfoxandco.com\/wp-content\/uploads\/2020\/10\/psu_pro_12-780x586.jpg 780w, https:\/\/nightfoxandco.com\/wp-content\/uploads\/2020\/10\/psu_pro_12-250x188.jpg 250w, https:\/\/nightfoxandco.com\/wp-content\/uploads\/2020\/10\/psu_pro_12.jpg 1280w\" sizes=\"auto, (max-width: 1024px) 100vw, 1024px\" \/><\/a><\/figure>\n\n\n\n<figure class=\"wp-block-image size-large\"><a href=\"https:\/\/nightfoxandco.com\/wp-content\/uploads\/2020\/10\/psu_pro_13.jpg\" target=\"_blank\" rel=\"noopener\"><img loading=\"lazy\" decoding=\"async\" width=\"1024\" height=\"768\" data-id=\"962\" src=\"https:\/\/nightfoxandco.com\/wp-content\/uploads\/2020\/10\/psu_pro_13-1024x768.jpg\" alt=\"\" class=\"wp-image-962\" srcset=\"https:\/\/nightfoxandco.com\/wp-content\/uploads\/2020\/10\/psu_pro_13-1024x768.jpg 1024w, https:\/\/nightfoxandco.com\/wp-content\/uploads\/2020\/10\/psu_pro_13-300x225.jpg 300w, https:\/\/nightfoxandco.com\/wp-content\/uploads\/2020\/10\/psu_pro_13-768x576.jpg 768w, https:\/\/nightfoxandco.com\/wp-content\/uploads\/2020\/10\/psu_pro_13-350x263.jpg 350w, https:\/\/nightfoxandco.com\/wp-content\/uploads\/2020\/10\/psu_pro_13-780x586.jpg 780w, https:\/\/nightfoxandco.com\/wp-content\/uploads\/2020\/10\/psu_pro_13-250x188.jpg 250w, https:\/\/nightfoxandco.com\/wp-content\/uploads\/2020\/10\/psu_pro_13.jpg 1280w\" sizes=\"auto, (max-width: 1024px) 100vw, 1024px\" \/><\/a><\/figure>\n<\/figure>\n\n\n\n<div style=\"height:25px\" aria-hidden=\"true\" class=\"wp-block-spacer\"><\/div>\n\n\n\n<p>Pod\u00e9is descargar los esquemas, listado de m\u00f3dulos y el c\u00f3digo fuente del firmware para la placa Arduino UNO desde el repositorio oficial en GitHub.<\/p>\n\n\n\n<div style=\"height:50px\" aria-hidden=\"true\" class=\"wp-block-spacer\"><\/div>\n\n\n\n<figure class=\"wp-block-image size-large is-resized\"><a href=\"https:\/\/github.com\/knightfox75\/psu_pro\" target=\"_blank\" rel=\"noopener noreferrer\"><img loading=\"lazy\" decoding=\"async\" src=\"https:\/\/nightfoxandco.com\/wp-content\/uploads\/2019\/07\/download_icon-1024x160.png\" alt=\"\" class=\"wp-image-94\" width=\"512\" height=\"80\" srcset=\"https:\/\/nightfoxandco.com\/wp-content\/uploads\/2019\/07\/download_icon-1024x160.png 1024w, https:\/\/nightfoxandco.com\/wp-content\/uploads\/2019\/07\/download_icon-300x47.png 300w, https:\/\/nightfoxandco.com\/wp-content\/uploads\/2019\/07\/download_icon-768x120.png 768w, https:\/\/nightfoxandco.com\/wp-content\/uploads\/2019\/07\/download_icon-1536x240.png 1536w, https:\/\/nightfoxandco.com\/wp-content\/uploads\/2019\/07\/download_icon.png 1641w\" sizes=\"auto, (max-width: 512px) 100vw, 512px\" \/><\/a><\/figure>\n\n\n\n<div style=\"height:100px\" aria-hidden=\"true\" class=\"wp-block-spacer\"><\/div>\n\n\n\n<figure class=\"wp-block-image size-large is-resized\"><a href=\"https:\/\/creativecommons.org\/licenses\/by-nc\/4.0\/\" target=\"_blank\" rel=\"noopener noreferrer\"><img loading=\"lazy\" decoding=\"async\" src=\"https:\/\/nightfoxandco.com\/wp-content\/uploads\/2019\/07\/cc_by-nc.png\" alt=\"\" class=\"wp-image-83\" width=\"101\" height=\"35\" srcset=\"https:\/\/nightfoxandco.com\/wp-content\/uploads\/2019\/07\/cc_by-nc.png 403w, https:\/\/nightfoxandco.com\/wp-content\/uploads\/2019\/07\/cc_by-nc-300x105.png 300w\" sizes=\"auto, (max-width: 101px) 100vw, 101px\" \/><\/a><\/figure>\n\n\n\n<div style=\"height:100px\" aria-hidden=\"true\" class=\"wp-block-spacer\"><\/div>\n","protected":false},"excerpt":{"rendered":"<p>Fuente de alimentaci\u00f3n para Commodore C64, Spectrum, Amstrad CPC y MSX. PSU Pro es una fuente de alimentaci\u00f3n universal orientada al diagnostico y reparaci\u00f3n de microordenadores cl\u00e1sicos, como el Commodore C64, Spectrum +2 y +3, Amstrad CPC 464 y algunos modelos de MSX. Voltajes suministrados.PSU Pro suministra los siguientes voltajes:C.C. (DC) de +5 V con <a class=\"more-link\" href=\"https:\/\/nightfoxandco.com\/?page_id=943\">Read More &#8230;<\/a><\/p>\n","protected":false},"author":1,"featured_media":0,"parent":966,"menu_order":200,"comment_status":"closed","ping_status":"closed","template":"","meta":{"footnotes":""},"class_list":["post-943","page","type-page","status-publish","hentry"],"_links":{"self":[{"href":"https:\/\/nightfoxandco.com\/index.php?rest_route=\/wp\/v2\/pages\/943","targetHints":{"allow":["GET"]}}],"collection":[{"href":"https:\/\/nightfoxandco.com\/index.php?rest_route=\/wp\/v2\/pages"}],"about":[{"href":"https:\/\/nightfoxandco.com\/index.php?rest_route=\/wp\/v2\/types\/page"}],"author":[{"embeddable":true,"href":"https:\/\/nightfoxandco.com\/index.php?rest_route=\/wp\/v2\/users\/1"}],"replies":[{"embeddable":true,"href":"https:\/\/nightfoxandco.com\/index.php?rest_route=%2Fwp%2Fv2%2Fcomments&post=943"}],"version-history":[{"count":10,"href":"https:\/\/nightfoxandco.com\/index.php?rest_route=\/wp\/v2\/pages\/943\/revisions"}],"predecessor-version":[{"id":1169,"href":"https:\/\/nightfoxandco.com\/index.php?rest_route=\/wp\/v2\/pages\/943\/revisions\/1169"}],"up":[{"embeddable":true,"href":"https:\/\/nightfoxandco.com\/index.php?rest_route=\/wp\/v2\/pages\/966"}],"wp:attachment":[{"href":"https:\/\/nightfoxandco.com\/index.php?rest_route=%2Fwp%2Fv2%2Fmedia&parent=943"}],"curies":[{"name":"wp","href":"https:\/\/api.w.org\/{rel}","templated":true}]}}